 of 121512?
2, 3, 61, 83
What are the prime factors of 3632?
2, 227
List the prime factors of 8119.
23, 353
What are the prime factors of 14596?
2, 41, 89
What are the prime factors of 29363?
29363
What are the prime factors of 108103?
17, 6359
List the prime factors of 6714.
2, 3, 373
What are the prime factors of 1833?
3, 13, 47
What are the prime factors of 7417?
7417
What are the prime factors of 1200?
2, 3, 5
What are the prime factors of 24428?
2, 31, 197
List the prime factors of 5642.
2, 7, 13, 31
What are the prime factors of 767?
13, 59
List the prime factors of 7159.
7159
List the prime factors of 184.
2, 23
List the prime factors of 4762.
2, 2381
What are the prime factors of 13778?
2, 83
What are the prime factors of 25037?
25037
List the prime factors of 35718.
2, 3, 5953
List the prime factors of 853.
853
List the prime factors of 17786.
2, 8893
List the prime factors of 11808.
2, 3, 41
List the prime factors of 429.
3, 11, 13
What are the prime factors of 1079?
13, 83
What are the prime factors of 11900?
2, 5, 7, 17
List the prime factors of 4506.
2, 3, 751
List the prime factors of 3104.
2, 97
List the prime factors of 41742.
2, 3, 773
List the prime factors of 3072.
2, 3
List the prime factors of 1375.
5, 11
What are the prime factors of 1224?
2, 3, 17
List the prime factors of 1143.
3, 127
List the prime factors of 1209.
3, 13, 31
What are the prime factors of 2629?
11, 239
List the prime factors of 30483.
3, 1129
List the prime factors of 2136.
2, 3, 89
List the prime factors of 429.
3, 11, 13
List the prime factors of 1772.
2, 443
List the prime factors of 25338.
2, 3, 41, 103
What are the prime factors of 128457?
3, 7, 2039
List the prime factors of 66344.
2, 8293
What are the prime factors of 193?
193
What are the prime factors of 25567?
37, 691
What are the prime factors of 13736?
2, 17, 101
What are the prime factors of 3925?
5, 157
What are the prime factors of 24174?
2, 3, 17, 79
What are the prime factors of 1848?
2, 3, 7, 11
What are the prime factors of 51539?
51539
List the prime factors of 7119.
3, 7, 113
List the prime factors of 4709.
17, 277
List the prime factors of 240.
2, 3, 5
What are the prime factors of 6964?
2, 1741
List the prime factors of 1908.
2, 3, 53
List the prime factors of 9371.
9371
List the prime factors of 449.
449
List the prime factors of 5893.
71, 83
What are the prime factors of 76?
2, 19
What are the prime factors of 5532?
2, 3, 461
List the prime factors of 421.
421
What are the prime factors of 10625?
5, 17
What are the prime factors of 6652?
2, 1663
What are the prime factors of 10304?
2, 7, 23
List the prime factors of 46281.
3, 15427
List the prime factors of 13903.
13903
List the prime factors of 8296.
2, 17, 61
What are the prime factors of 2673?
3, 11
List the prime factors of 10215.
3, 5, 227
List the prime factors of 1268.
2, 317
List the prime factors of 5358.
2, 3, 19, 47
What are the prime factors of 5436?
2, 3, 151
List the prime factors of 16402.
2, 59, 139
List the prime factors of 251.
251
What are the prime factors of 143?
11, 13
What are the prime factors of 667?
23, 29
List the prime factors of 787.
787
List the prime factors of 1056.
2, 3, 11
What are the prime factors of 25614?
2, 3, 1423
List the prime factors of 82214.
2, 11, 37, 101
What are the prime factors of 1207?
17, 71
What are the prime factors of 1489?
1489
What are the prime factors of 1534?
2, 13, 59
List the prime factors of 11043.
3, 409
What are the prime factors of 65773?
17, 53, 73
What are the prime factors of 57284?
2, 14321
List the prime factors of 79540.
2, 5, 41, 97
List the prime factors of 43306.
2, 59, 367
What are the prime factors of 69661?
69661
List the prime factors of 924.
2, 3, 7, 11
List the prime factors of 323.
17, 19
List the prime factors of 5024.
2, 157
What are the prime factors of 4635?
3, 5, 103
What are the prime factors of 12735?
3, 5, 283
What are the prime factors of 562?
2, 281
List the prime factors of 22661.
17, 31, 43
List the prime factors of 676.
2, 13
List the prime factors of 156927.
3, 17, 181
List the prime factors of 1667.
1667
What are the prime factors of 13542?
2, 3, 37, 61
List the prime factors of 1034.
2, 11, 47
List the prime factors of 4287.
3, 1429
What are the prime factors of 10967?
11, 997
What are the prime factors of 1653?
3, 19, 29
What are the prime factors of 49144?
2, 6143
List the prime factors of 45673.
45673
What are the prime factors of 41782?
2, 13, 1607
What are the prime factors of 49652?
2, 12413
What are the prime factors of 17188?
2, 4297
What are the prime factors of 284?
2, 71
List the prime factors of 1456.
2, 7, 13
What are the prime factors of 181292?
2, 61, 743
List the prime factors of 5278.
2, 7, 13, 29
List the prime factors of 453.
3, 151
What are the prime factors of 784?
2, 7
What are the prime factors of 7892?
2, 1973
List the prime factors of 2943.
3, 109
List the prime factors of 921.
3, 307
What are the prime factors of 2748?
2, 3, 229
List the prime factors of 5312.
2, 83
What are the prime factors of 7573?
7573
What are the prime factors of 55940?
2, 5, 2797
List the prime factors of 177367.
193, 919
What are the prime factors of 1332?
2, 3, 37
List the prime factors of 113072.
2, 37, 191
What are the prime factors of 52976?
2, 7, 11, 43
List the prime factors of 4899.
3, 23, 71
What are the prime factors of 924?
2, 3, 7, 11
List the prime factors of 11791.
13, 907
List the prime factors of 447.
3, 149
List the prime factors of 10955.
5, 7, 313
List the prime factors of 4187.
53, 79
List the prime factors of 6222.
2, 3, 17, 61
List the prime factors of 34518.
2, 3, 11, 523
What are the prime factors of 3191?
3191
What are the prime factors of 5903?
5903
What are the prime factors of 7746?
2, 3, 1291
List the prime factors of 8183.
7, 167
List the prime factors of 213.
3, 71
What are the prime factors of 1447?
1447
What are the prime factors of 3749?
23, 163
List the prime factors of 825.
3, 5, 11
List the prime factors of 7013.
7013
List the prime factors of 147.
3, 7
List the prime factors of 3907.
3907
What are the prime factors of 26633?
26633
What are the prime factors of 918?
2, 3, 17
What are the prime factors of 2371?
2371
What are the prime factors of 13638?
2, 3, 2273
List the prime factors of 1488.
2, 3, 31
List the prime factors of 17517.
3, 5839
List the prime factors of 1543.
1543
What are the prime factors of 57089?
57089
What are the prime factors of 811?
811
What are the prime factors of 3393?
3, 13, 29
List the prime factors of 4475.
5, 179
What are the prime factors of 2751?
3, 7, 131
What are the prime factors of 4793?
4793
List the prime factors of 31394.
2, 11, 1427
List the prime factors of 633.
3, 211
List the prime factors of 41905.
5, 17, 29
List the prime factors of 36883.
7, 11, 479
List the prime factors of 1719.
3, 191
List the prime factors of 173613.
3, 11, 5261
What are the prime factors of 92?
2, 23
What are the prime factors of 13105?
5, 2621
What are the prime factors of 1555?
5, 311
What are the prime factors of 12763?
12763
What are the prime factors of 18682?
2, 9341
List the prime factors of 2799.
3, 311
What are the prime factors of 433?
433
List the prime factors of 49462.
2, 7, 3533
List the prime factors of 30556.
2, 7639
What are the prime factors of 45191?
45191
List the prime factors of 838.
2, 419
What are the prime factors of 5864?
2, 733
What are the prime factors of 6582?
2, 3, 1097
What are the prime factors of 12532?
2, 13, 241
List the prime factors of 36395.
5, 29, 251
What are the prime factors of 13398?
2, 3, 7, 11, 29
List the prime factors of 23696.
2, 1481
What are the prime factors of 162?
2, 3
What are the prime factors of 14021?
7, 2003
List the prime factors of 7946.
2, 29, 137
List the prime factors of 4319.
7, 617
List the prime factors of 67862.
2, 33931
List the prime factors of 160.
2, 5
List the prime factors of 1194.
2, 3, 199
What are the prime factors of 936?
2, 3, 13
List the prime factors of 4509.
3, 167
What are the prime factors of 67801?
67801
What are the prime factors of 32774?
2, 7, 2341
List the prime factors of 90439.
90439
List the prime factors of 503.
503
What are the prime factors of 2626?
2, 13, 101
List the prime factors